r?
False
Is 111409 a composite number?
False
Is 81611 a composite number?
False
Is 2896489 a prime number?
False
Is 4317 prime?
False
Is 3149 prime?
False
Is 214039 a prime number?
False
Is 76897 a prime number?
False
Is 55963 composite?
True
Is 67913 prime?
False
Is 2413 composite?
True
Is 121763 a prime number?
True
Is 298 composite?
True
Is 144931 a composite number?
False
Is 434191 prime?
True
Is 153121 prime?
False
Is 657905 prime?
False
Is 11213 a prime number?
True
Is 911 prime?
True
Is 154894 prime?
False
Is 212651 prime?
True
Is 37267 prime?
False
Is 34457 a prime number?
True
Is 254329 composite?
False
Is 5759 a composite number?
True
Is 475773 a prime number?
False
Is 85237 composite?
False
Is 95509 composite?
True
Is 169255 a prime number?
False
Is 195961 composite?
True
Is 11593 a prime number?
True
Is 20029 a prime number?
True
Is 1703 a composite number?
True
Is 48973 a prime number?
True
Is 17455 a prime number?
False
Is 624391 prime?
True
Is 17337 prime?
False
Is 146513 prime?
True
Is 20693 prime?
True
Is 370283 a composite number?
True
Is 11087 a prime number?
True
Is 4788887 prime?
True
Is 21269 composite?
False
Is 937433 composite?
True
Is 447983 prime?
True
Is 8081 composite?
False
Is 1901 composite?
False
Is 5297 prime?
True
Is 2062 prime?
False
Is 391133 a prime number?
True
Is 1082443 a composite number?
False
Is 72683 composite?
True
Is 12151 prime?
False
Is 307 composite?
False
Is 143894 prime?
False
Is 54413 a composite number?
False
Is 259949 prime?
True
Is 1847 composite?
False
Is 2820667 a composite number?
False
Is 116329 a prime number?
True
Is 279245 prime?
False
Is 255859 prime?
True
Is 719 composite?
False
Is 121259 composite?
False
Is 24061 composite?
False
Is 10559 a prime number?
True
Is 861049 prime?
False
Is 313107 prime?
False
Is 198899 a prime number?
True
Is 124381 prime?
False
Is 21341 composite?
False
Is 2483 a composite number?
True
Is 9307 a prime number?
False
Is 281849 composite?
False
Is 20219 composite?
False
Is 11657 prime?
True
Is 282349 prime?
True
Is 284917 a prime number?
True
Is 1907 prime?
True
Is 95857 composite?
False
Is 24861 a composite number?
True
Is 67385 composite?
True
Is 99989 a prime number?
True
Is 35885 a composite number?
True
Is 63221 a prime number?
False
Is 95155 a prime number?
False
Is 41189 a prime number?
True
Is 214399 a composite number?
False
Is 15109 prime?
False
Is 820355 a prime number?
False
Is 18489 prime?
False
Is 240947 a composite number?
True
Is 554443 composite?
True
Is 28963 prime?
False
Is 644749 composite?
True
Is 316787 prime?
False
Is 46239 composite?
True
Is 41443 prime?
True
Is 26393 a composite number?
False
Is 4955 a prime number?
False
Is 389083 a composite number?
False
Is 1819 prime?
False
Is 4971 composite?
True
Is 37291 composite?
True
Is 5563 a composite number?
False
Is 434459 a composite number?
False
Is 57107 prime?
True
Is 143797 composite?
False
Is 1369613 prime?
False
Is 769 a prime number?
True
Is 134533 a composite number?
True
Is 2999 a composite number?
False
Is 182633 composite?
True
Is 77131 a prime number?
False
Is 9753 prime?
False
Is 58631 a prime number?
True
Is 50497 composite?
False
Is 419189 composite?
False
Is 44015 prime?
False
Is 31001 a prime number?
False
Is 47181 a prime number?
False
Is 71633 a composite number?
False
Is 148513 prime?
True
Is 1381 prime?
True
Is 9491 prime?
True
Is 24323 prime?
False
Is 52691 a prime number?
True
Is 6247 prime?
True
Is 15421 a composite number?
True
Is 21766 a composite number?
True
Is 292003 prime?
False
Is 1539103 a prime number?
True
Is 107507 composite?
False
Is 310381 a prime number?
False
Is 366229 composite?
True
Is 104621 prime?
False
Is 467 a prime number?
True
Is 82085 a composite number?
True
Is 508009 a prime number?
True
Is 2231 prime?
False
Is 842482 a prime number?
False
Is 590549 a composite number?
True
Is 24253 prime?
False
Is 255971 a prime number?
True
Is 397 a composite number?
False
Is 53961 a composite number?
True
Is 51763 prime?
False
Is 1682713 composite?
False
Is 1275269 a composite number?
False
Is 62171 a composite number?
False
Is 17671 prime?
False
Is 290866 a composite number?
True
Is 410821 a prime number?
False
Is 263219 a composite number?
True
Is 409691 prime?
True
Is 97813 a prime number?
True
Is 264101 prime?
True
Is 91367 a prime number?
True
Is 47427 a composite number?
True
Is 211021 a composite number?
True
Is 26083 a prime number?
True
Is 6739 a composite number?
True
Is 20431 composite?
False
Is 24943 a composite number?
False
Is 285203 a composite number?
True
Is 807791 a prime number?
False
Is 17291 a prime number?
True
Is 3007 a composite number?
True
Is 48157 prime?
True
Is 2689589 a composite number?
True
Is 2705 a composite number?
True
Is 1409 prime?
True
Is 9517 a prime number?
False
Is 21767 composite?
False
Is 7717 prime?
True
Is 2072617 prime?
True
Is 8663 composite?
False
Is 985903 a composite number?
False
Is 2722 composite?
True
Is 337191 a prime number?
False
Is 43661 a composite number?
False
Is 14909 a prime number?
False
Is 10391 a composite number?
False
Is 1337065 a prime number?
False
Is 70841 composite?
False
Is 77431 a prime number?
True
Is 209315 composite?
True
Is 25297 prime?
False
Is 572371 composite?
True
Is 8422 a prime number?
False
Is 41813 prime?
True
Is 217573 prime?
True
Is 42533 composite?
False
Is 1010441 prime?
False
Is 1825687 composite?
False
Is 1260447 a prime number?
False
Is 443 prime?
True
Is 4049 composite?
False
Is 54559 prime?
True
Is 104695 prime?
False
Is 491707 composite?
False
Is 22702 a prime number?
False
Is 20663 composite?
False
Is 192943 prime?
False
Is 2563 a prime number?
False
Is 152563 composite?
False
Is 104093 prime?
False
Is 1574 composite?
True
Is 12797 a prime number?
False
Is 153557 a composite number?
False
Is 38593 prime?
True
Is 23501 a composite number?
True
Is 2357 prime?
True
Is 91283 a prime number?
True
Is 100349 prime?
False
Is 494639 prime?
True
Is 132929 a composite number?
False
Is 1715099 a composite number?
False
Is 51959 composite?
True
Is 229027 a composite number?
False
Is 47191 prime?
False
Is 7069 composite?
False
Is 276581 a prime number?
True
Is 87007 composite?
True
Is 581683 prime?
True
Is 7507705 a prime number?
False
Is 12953 prime?
True
Is 22373 a composite number?
True
Is 225514 composite?
True
Is 42323 composite?
False
Is 86677 composite?
False
Is 12787 a composite number?
True
Is 2579 a composite number?
False
Is 34382 composite?
True
Is 2379891 prime?
False
Is 23719 prime?
True
Is 11633 composite?
False
Is 523 a prime number?
True
Is 21211 a composite number?
False
Is 684205 a prime number?
False
Is 196241 a prime number?
False
Is 25013 a prime number?
True
Is 38717 a composite number?
True
Is 2302 composite?
True
Is 56011 a composite number?
True
Is 1417369 a composite number?
False
Is 46993 a composite number?
False
Is 350213 prime?
True
Is 1663 a prime number?
True
Is 9601 composite?
False
Is 39017 a composite number?
True
Is 16255 a composite number?
True
Is 34351 a composite number?
False
Is 1355201 composite?
True
Is 34997 a composite number?
True
Is 168865 composite?
True
Is 6832519 a prime number?
True
Is 59747 prime?
True
Is 3917417 a prime number?
False
Is 68911 prime?
False
Is 151303 a prime number?
True
Is 127343 prime?
True
Is 109631 a prime number?
False
Is 2107867 a composite number?
False
Is 43913 composite?
False
Is 27933 a prime number?
False
Is 26017 prime?
True
Is 3943 prime?
True
Is 106817 composite?
True
Is 105251 a composite number?
False
Is 11969 a composite number?
False
Is 33547 prime?
True
Is 3967 composite?
False
Is 273253 a prime number?
True
Is 451159 a prime number?
True
Is 39953 a prime number?
True
Is 49255 a prime number?
False
Is 836687 composite?
True
Is 17707 prime?
True
Is 27763 prime?
True
Is 29759 a prime number?
True
Is 51377 composite?
True
Is 1251713 a prime number?
True
Is 5581 composite?
False
Is 13894 composite?
True
Is 1001713 a prime number?
True
Is 447599 composite?
True
Is 17773 prime?
False
Is 34339 a composite number?
True
Is 70502 a prime number?
False
Is 39977 a composite number?
True
Is 8002 prime?
False
Is 221939 composite?
True
Is 940801 a composite number?
False
Is 257 composite?
F